{"id":57,"date":"2011-08-25T08:52:19","date_gmt":"2011-08-25T08:52:19","guid":{"rendered":"http:\/\/www.daniellinton-france.com\/?page_id=57"},"modified":"2024-09-13T17:09:44","modified_gmt":"2024-09-13T15:09:44","slug":"biography-2","status":"publish","type":"page","link":"https:\/\/www.daniellinton-france.com\/?page_id=57","title":{"rendered":"Biographie"},"content":{"rendered":"<p><img decoding=\"async\" src=\"\/wp-content\/uploads\/IMG_0652.jpg\" alt=\"\" width=\"750px\" height=\"453px\" \/><\/p>\n<p>Der vielseitige Dirigent, Pianist und Komponist studierte Konzertfach Klavier und Dirigieren bei Prof. Christoph Lieske und Prof. Dennis Russell Davies an der Universit\u00e4t, \u201eMozarteum\u201c in Salzburg. Nach seinen Studien wirkte er zun\u00e4chst als Assistent bei den Tiroler Festspielen Erl an der Seite von Gustav Kuhn. In den anschlie\u00dfenden Festengagements bekleidete er Positionen als Solorepetitor, Studienleiter, Kapellmeister und als erster Kapellmeister am Nordharzer St\u00e4dtebundtheater, am Staatstheater Braunschweig und am Landestheater Linz.<br \/>\nIm Laufe dieser T\u00e4tigkeit dirigierte er \u00fcber 40 verschiedene Musiktheater &#8211; Werke aller Genres u. a. \u201eDie Meistersinger von N\u00fcrnberg\u201c und \u201eDie Walk\u00fcre\u201c von Richard Wagner, \u201eLa Boh\u00e8me\u201c \u201eMadama Butterfly\u201c und \u201eTosca\u201c von Giacomo Puccini, die \u201eda Ponte\u201c Opern von W.A. Mozart, Operetten von Leh\u00e0r und K\u00e1lm\u00e1n, verschiedene Ballett Produktionen wie \u201eRomeo und Julia\u201c von Prokofiev und zeitgen\u00f6ssische Werke wie \u201eSolaris\u201c von Michael Obst oder \u201eMcTeague\u201c von William Bolcom.<\/p>\n<p>Au\u00dferdem wirkte er als K\u00fcnstler und musikalischer Assistent bei Festivals wie z.B. den Bayreuther Festspielen als Assistent von Kirill Petrenko und Simone Young f\u00fcr den \u201cRing des Nibelungen\u201d, bei den Salzburger Festspielen &#8220;Entf\u00fchrung aus dem Serail&#8221;, bei der Ruhrtriennale &#8220;Z mrtv\u00e9ho domu&#8221; von Jan\u00e1\u010dek, bei den Tiroler Festspielen und beim Carinthischen Sommer in \u00d6sterreich sowie beim Festival Cultural de Mayo (MEX) und auch an verschiedenen H\u00e4usern, wie dem Teatro San Carlo in Neapel, dem Teatro Verdi in Florenz oder dem Teatro Verdi in Triest. Als Dirigent arbeitete er mit dem Bruckner Orchester Linz, dem Sinfonie Orchester Vorarlberg, dem Luzerner Sinfonie Orchester, der Bochumer Symphoniker, dem Orchester der Tiroler Festspiele, dem Orchestra Giovanile Luigi Cherubini, dem Daegu International Opera Festival Orchester (Korea), dem Orchester des Nordharzer St\u00e4dtebundtheaters, dem Ensemble Noura Juku (Japan), dem &#8220;Orchestre de la Garde R\u00e9publicaine&#8221; (Frankreich), dem \u201eJohann Strau\u00df Ensemble\u201c und dem Ensemble Risognanze (Italien) zusammen.<\/p>\n<p>Parallel zu seiner Dirigiert\u00e4tigkeit ist er ein viel gefragte Liedbegleiter und Kammermusik-Partner. F\u00fcr das \u00f6sterreichische Label <a href=\"https:\/\/www.gramola.at\/de\/shop\/produkte\/wort\/gramola\/wolfgang+boeck,elisabeth+wimmer,linton-france\/anton+bruckner\/141482\/\" target=\"_blank\" rel=\"noopener noreferrer\">Gramola<\/a> hat er Lieder und Klavierwerke von Anton Bruckner sowie Komponisten seines Umfelds in Kooperation mit dem Brucknerhaus Linz aufgenommen. Mit dem Fl\u00f6tisten Xavier Luck hat er eigene Werke sowie Werke von Franz Schubert und Friedrich Kuhlau f\u00fcr das Label Gramola aufgenommen <a href=\"https:\/\/www.gramola.at\/stories\/xavier-luck-daniel-linton-france-in-einer-zauberstunde\">In einer Zauberstunde<\/a>.<\/p>\n<p>Als Komponist ist er Urheber von Gelegenheitswerken, Werken f\u00fcr Theater, Kammeroper, Chor &#8211; Werken und Werken f\u00fcr verschiedene Kammermusik-Besetzungen. Seine Paraphrase \u00fcber Schuberts \u201eDu bist die Ruh\u201c f\u00fcr Fl\u00f6te und Klavier wurde bei dem Wettbewerb \u201eSchubert und die Moderne, Graz\u201c 2003 ausgezeichnet und ist bei der <a title=\"Edition Kossack\" href=\"https:\/\/www.editionkossack.de\/contents\/de\/p155.html\" target=\"_blank\" rel=\"noopener\">Edition Kossack<\/a> verlegt. Seine Kammeroper <a title=\"&quot;Episoden von Kerel und Galvin - eine kurze Reiseoper&quot;\" href=\"https:\/\/mdw.vhx.tv\/videos\/daniel-linton-france-episoden-von-kerel-und-galvin-2022-ua\">&#8220;Episoden von Kerel und Galvin &#8211; eine kurze Reiseoper&#8221;<\/a>\u00a0\u00a0wurde von Studierenden des Instituts f\u00fcr Gesang und Musiktheater der &#8220;Universit\u00e4t f\u00fcr Musik und darstellende Kunst, Wien&#8221; im Jahr 2022 aufgef\u00fchrt. Eine Auswahl von Werken sind auch bei\u00a0<a title=\"Musicaneo.com\" href=\"https:\/\/daniellintonfrance.musicaneo.com\/\" target=\"_blank\" rel=\"noopener\">Musicaneo.com<\/a>\u00a0erh\u00e4ltlich. H\u00f6rbeispiele sind im Bereich <a title=\"Audio \/ Video\" href=\"https:\/\/www.daniellinton-france.com\/?page_id=383\">Audio\/Video<\/a> zu finden.<\/p>\n<p>Er ist Gr\u00fcnder und K\u00fcnstlerischer Leiter der Konzertreihe \u201cLiving Room Artists\u201d im Neuen Musiktheater Linz;\u00a0eine Plattform, die es sich zum Ziel setzt die Entfernung zwischen Sch\u00f6pfenden, Interpreten und Publikum zu verringern. <a href=\"https:\/\/livingroomartists.com\/living-room-artists-konzertreihe\/\"> LivingRoomArtists.com<\/a>.<\/p>\n<p>2010 wurde er als Gastdozent f\u00fcr Orchesterleitung und Korrepetiton an das Konservatorium in Newcastle (AUS) eingeladen, ebenso arbeitet er regelm\u00e4\u00dfig mit dem Orchester der Anton Bruckner Privatuniversit\u00e4t in Linz.<\/p>\n<p>Ab Herbst 2018 unterrichtet er als Senior Lecturer am &#8220;Institut f\u00fcr Gesang und Musiktheater&#8221; an der &#8220;Universit\u00e4t f\u00fcr Musik und darstellende Kunst&#8221; in Wien. Seit dem Sommer Semester 2024 unterrichtet er als Senior Artist f\u00fcr musikalische Interpretation ebendort.<\/p>\n<p><strong><a href=\"http:\/\/www.daniellinton-france.com\/wp-content\/uploads\/Daniel_Linton-France_Lebenslauf_tabellarisch.pdf\">Tabellarischer Lebenslauf (download)<\/a><\/strong><\/p>\n","protected":false},"excerpt":{"rendered":"<p>Der vielseitige Dirigent, Pianist und Komponist studierte Konzertfach Klavier und Dirigieren bei Prof. Christoph Lieske und Prof. Dennis Russell Davies an der Universit\u00e4t, \u201eMozarteum\u201c in Salzburg. Nach seinen Studien wirkte er zun\u00e4chst als Assistent bei den Tiroler Festspielen Erl an der Seite von Gustav Kuhn. In den anschlie\u00dfenden Festengagements bekleidete er Positionen als Solorepetitor, Studienleiter, [&hellip;]<\/p>\n","protected":false},"author":1,"featured_media":0,"parent":0,"menu_order":0,"comment_status":"open","ping_status":"open","template":"","meta":{"footnotes":""},"class_list":["post-57","page","type-page","status-publish","hentry"],"_links":{"self":[{"href":"https:\/\/www.daniellinton-france.com\/index.php?rest_route=\/wp\/v2\/pages\/57","targetHints":{"allow":["GET"]}}],"collection":[{"href":"https:\/\/www.daniellinton-france.com\/index.php?rest_route=\/wp\/v2\/pages"}],"about":[{"href":"https:\/\/www.daniellinton-france.com\/index.php?rest_route=\/wp\/v2\/types\/page"}],"author":[{"embeddable":true,"href":"https:\/\/www.daniellinton-france.com\/index.php?rest_route=\/wp\/v2\/users\/1"}],"replies":[{"embeddable":true,"href":"https:\/\/www.daniellinton-france.com\/index.php?rest_route=%2Fwp%2Fv2%2Fcomments&post=57"}],"version-history":[{"count":53,"href":"https:\/\/www.daniellinton-france.com\/index.php?rest_route=\/wp\/v2\/pages\/57\/revisions"}],"predecessor-version":[{"id":1076,"href":"https:\/\/www.daniellinton-france.com\/index.php?rest_route=\/wp\/v2\/pages\/57\/revisions\/1076"}],"wp:attachment":[{"href":"https:\/\/www.daniellinton-france.com\/index.php?rest_route=%2Fwp%2Fv2%2Fmedia&parent=57"}],"curies":[{"name":"wp","href":"https:\/\/api.w.org\/{rel}","templated":true}]}}